540524984?
2, 3, 2335661
What are the prime factors of 115958189?
89, 1302901
List the prime factors of 135347661.
3, 199, 75571
List the prime factors of 4524789471.
3, 23, 1103, 59453
List the prime factors of 24634722.
2, 3, 7, 586541
What are the prime factors of 6912177?
3, 2304059
What are the prime factors of 147199633?
7, 149, 141131
What are the prime factors of 19192431?
3, 1181, 5417
What are the prime factors of 362475110?
2, 5, 83, 436717
What are the prime factors of 547009137?
3, 60778793
List the prime factors of 23168746.
2, 11584373
What are the prime factors of 43345725?
3, 5, 659, 877
What are the prime factors of 76175324?
2, 1039, 18329
List the prime factors of 3692038581.
3, 7, 11, 5327617
List the prime factors of 478641017.
23, 20810479
What are the prime factors of 66178549?
1289, 51341
What are the prime factors of 1373026?
2, 686513
List the prime factors of 1213756908.
2, 3, 7, 13, 1111499
What are the prime factors of 600346071?
3, 13, 5131163
List the prime factors of 276355651.
11, 13, 175687
List the prime factors of 190625341.
79, 1223, 1973
List the prime factors of 13980739.
167, 83717
What are the prime factors of 4222538280?
2, 3, 5, 47, 479, 521
What are the prime factors of 4073752749?
3, 11, 31, 293, 13591
List the prime factors of 649718.
2, 163, 1993
What are the prime factors of 1221795249?
3, 43, 2693, 3517
What are the prime factors of 812914098?
2, 3, 135485683
List the prime factors of 49631730.
2, 3, 5, 41, 40351
What are the prime factors of 2424289852?
2, 1033, 586711
What are the prime factors of 151967671?
163, 932317
What are the prime factors of 53111564?
2, 11, 41, 59, 499
What are the prime factors of 333060422?
2, 431, 386381
What are the prime factors of 834720114?
2, 3, 97, 229, 6263
List the prime factors of 4926344704.
2, 9621767
What are the prime factors of 49118222?
2, 24559111
List the prime factors of 664578233.
11, 691, 87433
List the prime factors of 428708846.
2, 2741, 78203
List the prime factors of 1828362.
2, 3, 23, 13249
List the prime factors of 7752514.
2, 7, 11, 50341
What are the prime factors of 14047258?
2, 7023629
What are the prime factors of 790520387?
53, 107, 139397
List the prime factors of 856355773.
7, 13, 17, 73, 7583
What are the prime factors of 2480921276?
2, 19, 97, 336533
What are the prime factors of 265957381?
107, 719, 3457
List the prime factors of 19578951.
3, 7, 17, 101, 181
List the prime factors of 809730168.
2, 3, 13, 31, 83719
What are the prime factors of 91220013?
3, 375391
What are the prime factors of 35068637?
17, 37, 127, 439
What are the prime factors of 599409656?
2, 79, 397, 2389
What are the prime factors of 77318613?
3, 8590957
List the prime factors of 82978520.
2, 5, 2074463
List the prime factors of 430271961.
3, 7, 20489141
List the prime factors of 113327761.
19, 149, 40031
List the prime factors of 13174132.
2, 31, 106243
List the prime factors of 1206996535.
5, 241399307
List the prime factors of 784649590.
2, 5, 277, 283267
List the prime factors of 8380001781.
3, 2377, 391717
What are the prime factors of 455914274?
2, 227957137
List the prime factors of 614994963.
3, 11, 593, 2857
What are the prime factors of 265837117?
7, 13, 877, 3331
What are the prime factors of 240917428?
2, 60229357
What are the prime factors of 693577791?
3, 109, 707011
What are the prime factors of 26218188?
2, 3, 31, 41, 191
What are the prime factors of 101344742?
2, 50672371
List the prime factors of 237578041.
167, 241, 5903
List the prime factors of 652831428.
2, 3, 54402619
List the prime factors of 5844796195.
5, 7, 547, 43613
List the prime factors of 2932489950.
2, 3, 5, 13, 31, 139, 349
List the prime factors of 1025536149.
3, 11, 10358951
List the prime factors of 20118150.
2, 3, 5, 13, 19, 181
List the prime factors of 269737110.
2, 3, 5, 19, 233, 677
What are the prime factors of 6930778020?
2, 3, 5, 4943, 23369
What are the prime factors of 163511607?
3, 7, 7786267
List the prime factors of 8849601.
3, 31, 97, 109
List the prime factors of 284077622.
2, 4133, 34367
List the prime factors of 501748121.
7, 71678303
List the prime factors of 511059836.
2, 7, 37, 493301
What are the prime factors of 1005442678?
2, 101, 4977439
What are the prime factors of 396884410?
2, 5, 13, 43, 70999
List the prime factors of 333986887.
13, 23, 1117013
List the prime factors of 35985026.
2, 7, 11, 233669
What are the prime factors of 1224023275?
5, 661, 74071
What are the prime factors of 1094761803?
3, 29, 12583469
List the prime factors of 80435862.
2, 3, 13, 149, 769
What are the prime factors of 8310479?
67, 71, 1747
List the prime factors of 560648968.
2, 11, 6371011
List the prime factors of 128306945.
5, 13, 47, 41999
List the prime factors of 4207784141.
11, 382525831
List the prime factors of 750692650.
2, 5, 15013853
What are the prime factors of 330157315?
5, 29, 61, 163, 229
What are the prime factors of 37192575?
3, 5, 7, 70843
What are the prime factors of 1003542061?
1003542061
What are the prime factors of 2383798220?
2, 5, 41, 1223, 2377
What are the prime factors of 28157747?
47, 137, 4373
List the prime factors of 1481387756.
2, 370346939
What are the prime factors of 469741883?
13, 19, 173, 10993
What are the prime factors of 1023785189?
7, 19, 7697633
List the prime factors of 808453576.
2, 7, 14436671
What are the prime factors of 152120457?
3, 29, 173, 1123
List the prime factors of 65668603.
7, 11, 13, 17, 227
What are the prime factors of 389561684?
2, 97390421
List the prime factors of 489166309.
53, 137, 67369
List the prime factors of 169416803.
67, 137, 18457
What are the prime factors of 195414497?
101, 1934797
What are the prime factors of 3729174400?
2, 5, 7, 17, 1399
List the prime factors of 79522289.
7, 11, 93887
What are the prime factors of 106323805?
5, 7, 3037823
What are the prime factors of 994374925?
5, 39774997
List the prime factors of 1428445291.
7, 13, 23, 47, 1117
List the prime factors of 618266824.
2, 7, 163, 67733
What are the prime factors of 1487958537?
3, 13, 857, 44519
List the prime factors of 399710357.
399710357
List the prime factors of 35838105.
3, 5, 97, 24631
List the prime factors of 100015050.
2, 3, 5, 19, 1847
List the prime factors of 586618218.
2, 3, 17, 73, 26261
List the prime factors of 1734632.
2, 216829
List the prime factors of 94555162.
2, 13, 23, 12163
What are the prime factors of 1275022361?
1275022361
What are the prime factors of 146544697?
13, 11272669
What are the prime factors of 380945568?
2, 3, 3968183
List the prime factors of 35416702.
2, 41, 431911
List the prime factors of 989465565.
3, 5, 11, 19, 547, 577
List the prime factors of 475697252.
2, 41, 821, 3533
What are the prime factors of 954209435?
5, 109, 359, 4877
List the prime factors of 972349899.
3, 37, 71, 123379
List the prime factors of 139631813.
83, 1682311
List the prime factors of 291340214.
2, 11, 109, 121493
List the prime factors of 199773891.
3, 7399033
List the prime factors of 34044035.
5, 263, 25889
List the prime factors of 172634165.
5, 11, 3138803
What are the prime factors of 294880586?
2, 7, 11, 13, 147293
List the prime factors of 2169344906.
2, 1084672453
What are the prime factors of 357316861?
11, 881, 36871
What are the prime factors of 59936117?
59936117
List the prime factors of 477532478.
2, 719, 332081
List the prime factors of 245387605.
5, 17, 653, 4421
What are the prime factors of 348143918?
2, 17, 10239527
List the prime factors of 236215055.
5, 59, 800729
What are the prime factors of 11867075?
5, 11, 3923
What are the prime factors of 34022268?
2, 3, 7, 2143
List the prime factors of 303004235.
5, 59, 97, 10589
What are the prime factors of 526903983?
3, 43, 31663
What are the prime factors of 279677082?
2, 3, 46612847
List the prime factors of 454987397.
2221, 204857
List the prime factors of 4610948003.
29, 158998207
What are the prime factors of 791114999?
791114999
List the prime factors of 614281911.
3, 977, 209581
What are the prime factors of 405352005?
3, 5, 27023467
List the prime factors of 2382378589.
17, 79, 1773923
What are the prime factors of 733028665?
5, 146605733
What are the prime factors of 34719504?
2, 3, 31, 23333
List the prime factors of 13737